[INFO] fetching crate opcode-macros 0.1.0...
[INFO] checking opcode-macros-0.1.0 against master#e6e4f7ed1589e03bc2f6c5931c1a72e7947e8682 for beta-170-4
[INFO] extracting crate opcode-macros 0.1.0 into /workspace/builds/worker-2-tc2/source
[INFO] validating manifest of crates.io crate opcode-macros 0.1.0 on toolchain e6e4f7ed1589e03bc2f6c5931c1a72e7947e8682
[INFO] running `Command { std: CARGO_HOME="/workspace/cargo-home" RUSTUP_HOME="/workspace/rustup-home" "/workspace/cargo-home/bin/cargo" "+e6e4f7ed1589e03bc2f6c5931c1a72e7947e8682" "metadata" "--manifest-path" "Cargo.toml" "--no-deps", kill_on_drop: false }`
[INFO] started tweaking crates.io crate opcode-macros 0.1.0
[INFO] finished tweaking crates.io crate opcode-macros 0.1.0
[INFO] tweaked toml for crates.io crate opcode-macros 0.1.0 written to /workspace/builds/worker-2-tc2/source/Cargo.toml
[INFO] running `Command { std: CARGO_HOME="/workspace/cargo-home" RUSTUP_HOME="/workspace/rustup-home" __CARGO_TEST_CHANNEL_OVERRIDE_DO_NOT_USE_THIS="nightly" "/workspace/cargo-home/bin/cargo" "+e6e4f7ed1589e03bc2f6c5931c1a72e7947e8682" "generate-lockfile" "--manifest-path" "Cargo.toml" "-Zno-index-update", kill_on_drop: false }`
[INFO] running `Command { std: CARGO_HOME="/workspace/cargo-home" RUSTUP_HOME="/workspace/rustup-home" "/workspace/cargo-home/bin/cargo" "+e6e4f7ed1589e03bc2f6c5931c1a72e7947e8682" "fetch" "--manifest-path" "Cargo.toml", kill_on_drop: false }`
[INFO] running `Command { std: "docker" "create" "-v" "/var/lib/crater-agent-workspace/builds/worker-2-tc2/target:/opt/rustwide/target:rw,Z" "-v" "/var/lib/crater-agent-workspace/builds/worker-2-tc2/source:/opt/rustwide/workdir:ro,Z" "-v" "/var/lib/crater-agent-workspace/cargo-home:/opt/rustwide/cargo-home:ro,Z" "-v" "/var/lib/crater-agent-workspace/rustup-home:/opt/rustwide/rustup-home:ro,Z" "-e" "SOURCE_DIR=/opt/rustwide/workdir" "-e" "CARGO_TARGET_DIR=/opt/rustwide/target" "-e" "CARGO_HOME=/opt/rustwide/cargo-home" "-e" "RUSTUP_HOME=/opt/rustwide/rustup-home" "-w" "/opt/rustwide/workdir" "-m" "1610612736" "--user" "0:0" "--network" "none" "ghcr.io/rust-lang/crates-build-env/linux@sha256:19e73879b68f455e41552ea35293514db52ea292d993f571636dbffedb77a1ee" "/opt/rustwide/cargo-home/bin/cargo" "+e6e4f7ed1589e03bc2f6c5931c1a72e7947e8682" "metadata" "--no-deps" "--format-version=1", kill_on_drop: false }`
[INFO] [stdout] dbf66551c01bf534c22973cfe89cc6bc124bb7d8dfdfb7171b6116d4825a1a8a
[INFO] running `Command { std: "docker" "start" "-a" "dbf66551c01bf534c22973cfe89cc6bc124bb7d8dfdfb7171b6116d4825a1a8a", kill_on_drop: false }`
[INFO] running `Command { std: "docker" "inspect" "dbf66551c01bf534c22973cfe89cc6bc124bb7d8dfdfb7171b6116d4825a1a8a", kill_on_drop: false }`
[INFO] running `Command { std: "docker" "rm" "-f" "dbf66551c01bf534c22973cfe89cc6bc124bb7d8dfdfb7171b6116d4825a1a8a", kill_on_drop: false }`
[INFO] [stdout] dbf66551c01bf534c22973cfe89cc6bc124bb7d8dfdfb7171b6116d4825a1a8a
[INFO] running `Command { std: "docker" "create" "-v" "/var/lib/crater-agent-workspace/builds/worker-2-tc2/target:/opt/rustwide/target:rw,Z" "-v" "/var/lib/crater-agent-workspace/builds/worker-2-tc2/source:/opt/rustwide/workdir:ro,Z" "-v" "/var/lib/crater-agent-workspace/cargo-home:/opt/rustwide/cargo-home:ro,Z" "-v" "/var/lib/crater-agent-workspace/rustup-home:/opt/rustwide/rustup-home:ro,Z" "-e" "SOURCE_DIR=/opt/rustwide/workdir" "-e" "CARGO_TARGET_DIR=/opt/rustwide/target" "-e" "CARGO_INCREMENTAL=0" "-e" "RUST_BACKTRACE=full" "-e" "RUSTFLAGS=--cap-lints=forbid" "-e" "RUSTDOCFLAGS=--cap-lints=forbid" "-e" "CARGO_HOME=/opt/rustwide/cargo-home" "-e" "RUSTUP_HOME=/opt/rustwide/rustup-home" "-w" "/opt/rustwide/workdir" "-m" "1610612736" "--user" "0:0" "--network" "none" "ghcr.io/rust-lang/crates-build-env/linux@sha256:19e73879b68f455e41552ea35293514db52ea292d993f571636dbffedb77a1ee" "/opt/rustwide/cargo-home/bin/cargo" "+e6e4f7ed1589e03bc2f6c5931c1a72e7947e8682" "check" "--frozen" "--all" "--all-targets" "--message-format=json", kill_on_drop: false }`
[INFO] [stdout] 81e376de824ebb6ba4dcdac76cd47d5dae8df997115843d69cc54d70005520fd
[INFO] running `Command { std: "docker" "start" "-a" "81e376de824ebb6ba4dcdac76cd47d5dae8df997115843d69cc54d70005520fd", kill_on_drop: false }`
[INFO] [stderr]    Compiling proc-macro2 v1.0.59
[INFO] [stderr]    Compiling quote v1.0.28
[INFO] [stderr]    Compiling syn v1.0.109
[INFO] [stderr]     Checking unicode-ident v1.0.9
[INFO] [stderr]     Checking opcode-macros v0.1.0 (/opt/rustwide/workdir)
[INFO] [stdout] error[E0432]: unresolved import `ebpf_consts`
[INFO] [stdout]   --> tests/opcode_gen_test.rs:18:9
[INFO] [stdout]    |
[INFO] [stdout] 18 |     use ebpf_consts::*;
[INFO] [stdout]    |         ^^^^^^^^^^^ use of undeclared crate or module `ebpf_consts`
[INFO] [stdout] 
[INFO] [stdout] 
[INFO] [stdout] error[E0432]: unresolved import `ebpf_consts`
[INFO] [stdout]  --> tests/match_test.rs:1:5
[INFO] [stdout]   |
[INFO] [stdout] 1 | use ebpf_consts::*;
[INFO] [stdout]   |     ^^^^^^^^^^^ use of undeclared crate or module `ebpf_consts`
[INFO] [stdout] 
[INFO] [stdout] 
[INFO] [stdout] error[E0425]: cannot find value `BPF_ALU64` in this scope
[INFO] [stdout]   --> tests/opcode_gen_test.rs:19:40
[INFO] [stdout]    |
[INFO] [stdout] 19 |     assert_eq!(codes::BPF_ALU64_K_ADD, BPF_ALU64 | BPF_K | BPF_ADD)
[INFO] [stdout]    |                                        ^^^^^^^^^ not found in this scope
[INFO] [stdout] 
[INFO] [stdout] 
[INFO] [stdout] error[E0425]: cannot find value `BPF_K` in this scope
[INFO] [stdout]   --> tests/opcode_gen_test.rs:19:52
[INFO] [stdout]    |
[INFO] [stdout] 19 |     assert_eq!(codes::BPF_ALU64_K_ADD, BPF_ALU64 | BPF_K | BPF_ADD)
[INFO] [stdout]    |                                                    ^^^^^ not found in this scope
[INFO] [stdout] 
[INFO] [stdout] 
[INFO] [stdout] error[E0425]: cannot find value `BPF_ADD` in this scope
[INFO] [stdout]   --> tests/opcode_gen_test.rs:19:60
[INFO] [stdout]    |
[INFO] [stdout] 19 |     assert_eq!(codes::BPF_ALU64_K_ADD, BPF_ALU64 | BPF_K | BPF_ADD)
[INFO] [stdout]    |                                                            ^^^^^^^ not found in this scope
[INFO] [stdout] 
[INFO] [stdout] 
[INFO] [stdout] error[E0433]: failed to resolve: use of undeclared crate or module `ebpf_consts`
[INFO] [stdout]  --> tests/opcode_gen_test.rs:6:22
[INFO] [stdout]   |
[INFO] [stdout] 6 |         for BPF_* in ebpf_consts as u8 {
[INFO] [stdout]   |                      ^^^^^^^^^^^ use of undeclared crate or module `ebpf_consts`
[INFO] [stdout] 
[INFO] [stdout] 
[INFO] [stdout] error: aborting due to 5 previous errors
[INFO] [stdout] 
[INFO] [stdout] 
[INFO] [stdout] Some errors have detailed explanations: E0425, E0432, E0433.
[INFO] [stdout] 
[INFO] [stdout] For more information about an error, try `rustc --explain E0425`.
[INFO] [stdout] 
[INFO] [stderr] error: could not compile `opcode-macros` (test "opcode_gen_test") due to 6 previous errors
[INFO] [stderr] warning: build failed, waiting for other jobs to finish...
[INFO] [stdout] error[E0425]: cannot find value `BPF_ALU` in this scope
[INFO] [stdout]  --> tests/match_test.rs:6:33
[INFO] [stdout]   |
[INFO] [stdout] 6 |     println!("{}", match_number(BPF_ALU | BPF_X | BPF_ADD));
[INFO] [stdout]   |                                 ^^^^^^^ not found in this scope
[INFO] [stdout] 
[INFO] [stdout] 
[INFO] [stdout] error[E0425]: cannot find value `BPF_X` in this scope
[INFO] [stdout]  --> tests/match_test.rs:6:43
[INFO] [stdout]   |
[INFO] [stdout] 6 |     println!("{}", match_number(BPF_ALU | BPF_X | BPF_ADD));
[INFO] [stdout]   |                                           ^^^^^ not found in this scope
[INFO] [stdout] 
[INFO] [stdout] 
[INFO] [stdout] error[E0425]: cannot find value `BPF_ADD` in this scope
[INFO] [stdout]  --> tests/match_test.rs:6:51
[INFO] [stdout]   |
[INFO] [stdout] 6 |     println!("{}", match_number(BPF_ALU | BPF_X | BPF_ADD));
[INFO] [stdout]   |                                                   ^^^^^^^ not found in this scope
[INFO] [stdout] 
[INFO] [stdout] 
[INFO] [stdout] error[E0425]: cannot find value `BPF_ALU` in this scope
[INFO] [stdout]  --> tests/match_test.rs:7:26
[INFO] [stdout]   |
[INFO] [stdout] 7 |     assert!(match_number(BPF_ALU | BPF_X | BPF_ADD) == 0xFFFFFFFF);
[INFO] [stdout]   |                          ^^^^^^^ not found in this scope
[INFO] [stdout] 
[INFO] [stdout] 
[INFO] [stdout] error[E0425]: cannot find value `BPF_X` in this scope
[INFO] [stdout]  --> tests/match_test.rs:7:36
[INFO] [stdout]   |
[INFO] [stdout] 7 |     assert!(match_number(BPF_ALU | BPF_X | BPF_ADD) == 0xFFFFFFFF);
[INFO] [stdout]   |                                    ^^^^^ not found in this scope
[INFO] [stdout] 
[INFO] [stdout] 
[INFO] [stdout] error[E0425]: cannot find value `BPF_ADD` in this scope
[INFO] [stdout]  --> tests/match_test.rs:7:44
[INFO] [stdout]   |
[INFO] [stdout] 7 |     assert!(match_number(BPF_ALU | BPF_X | BPF_ADD) == 0xFFFFFFFF);
[INFO] [stdout]   |                                            ^^^^^^^ not found in this scope
[INFO] [stdout] 
[INFO] [stdout] 
[INFO] [stdout] error[E0425]: cannot find value `BPF_ALU` in this scope
[INFO] [stdout]  --> tests/match_test.rs:8:26
[INFO] [stdout]   |
[INFO] [stdout] 8 |     assert!(match_number(BPF_ALU | BPF_X | BPF_RSH) == 0);
[INFO] [stdout]   |                          ^^^^^^^ not found in this scope
[INFO] [stdout] 
[INFO] [stdout] 
[INFO] [stdout] error[E0425]: cannot find value `BPF_X` in this scope
[INFO] [stdout]  --> tests/match_test.rs:8:36
[INFO] [stdout]   |
[INFO] [stdout] 8 |     assert!(match_number(BPF_ALU | BPF_X | BPF_RSH) == 0);
[INFO] [stdout]   |                                    ^^^^^ not found in this scope
[INFO] [stdout] 
[INFO] [stdout] 
[INFO] [stdout] error[E0425]: cannot find value `BPF_RSH` in this scope
[INFO] [stdout]  --> tests/match_test.rs:8:44
[INFO] [stdout]   |
[INFO] [stdout] 8 |     assert!(match_number(BPF_ALU | BPF_X | BPF_RSH) == 0);
[INFO] [stdout]   |                                            ^^^^^^^ not found in this scope
[INFO] [stdout] 
[INFO] [stdout] 
[INFO] [stdout] error[E0425]: cannot find value `BPF_ALU` in this scope
[INFO] [stdout]  --> tests/match_test.rs:9:26
[INFO] [stdout]   |
[INFO] [stdout] 9 |     assert!(match_number(BPF_ALU | BPF_X | BPF_LSH) == 0);
[INFO] [stdout]   |                          ^^^^^^^ not found in this scope
[INFO] [stdout] 
[INFO] [stdout] 
[INFO] [stdout] error[E0425]: cannot find value `BPF_X` in this scope
[INFO] [stdout]  --> tests/match_test.rs:9:36
[INFO] [stdout]   |
[INFO] [stdout] 9 |     assert!(match_number(BPF_ALU | BPF_X | BPF_LSH) == 0);
[INFO] [stdout]   |                                    ^^^^^ not found in this scope
[INFO] [stdout] 
[INFO] [stdout] 
[INFO] [stdout] error[E0425]: cannot find value `BPF_LSH` in this scope
[INFO] [stdout]  --> tests/match_test.rs:9:44
[INFO] [stdout]   |
[INFO] [stdout] 9 |     assert!(match_number(BPF_ALU | BPF_X | BPF_LSH) == 0);
[INFO] [stdout]   |                                            ^^^^^^^ not found in this scope
[INFO] [stdout] 
[INFO] [stdout] 
[INFO] [stdout] error[E0425]: cannot find value `BPF_ALU` in this scope
[INFO] [stdout]   --> tests/match_test.rs:14:5
[INFO] [stdout]    |
[INFO] [stdout] 14 | /     opcode_match! {
[INFO] [stdout] 15 | |         opcode,
[INFO] [stdout] 16 | |         [[BPF_ALU: ALU, BPF_ALU64: ALU64], [BPF_X: X, BPF_K: K],
[INFO] [stdout] 17 | |         [
[INFO] [stdout] ...  |
[INFO] [stdout] 44 | |         }
[INFO] [stdout] 45 | |     }
[INFO] [stdout]    | |_____^ not found in this scope
[INFO] [stdout]    |
[INFO] [stdout]    = note: this error originates in the macro `opcode_match` (in Nightly builds, run with -Z macro-backtrace for more info)
[INFO] [stdout] 
[INFO] [stdout] 
[INFO] [stdout] error[E0425]: cannot find value `BPF_X` in this scope
[INFO] [stdout]   --> tests/match_test.rs:14:5
[INFO] [stdout]    |
[INFO] [stdout] 14 | /     opcode_match! {
[INFO] [stdout] 15 | |         opcode,
[INFO] [stdout] 16 | |         [[BPF_ALU: ALU, BPF_ALU64: ALU64], [BPF_X: X, BPF_K: K],
[INFO] [stdout] 17 | |         [
[INFO] [stdout] ...  |
[INFO] [stdout] 44 | |         }
[INFO] [stdout] 45 | |     }
[INFO] [stdout]    | |_____^ not found in this scope
[INFO] [stdout]    |
[INFO] [stdout]    = note: this error originates in the macro `opcode_match` (in Nightly builds, run with -Z macro-backtrace for more info)
[INFO] [stdout] 
[INFO] [stdout] 
[INFO] [stdout] error[E0425]: cannot find value `BPF_ADD` in this scope
[INFO] [stdout]   --> tests/match_test.rs:14:5
[INFO] [stdout]    |
[INFO] [stdout] 14 | /     opcode_match! {
[INFO] [stdout] 15 | |         opcode,
[INFO] [stdout] 16 | |         [[BPF_ALU: ALU, BPF_ALU64: ALU64], [BPF_X: X, BPF_K: K],
[INFO] [stdout] 17 | |         [
[INFO] [stdout] ...  |
[INFO] [stdout] 44 | |         }
[INFO] [stdout] 45 | |     }
[INFO] [stdout]    | |_____^ not found in this scope
[INFO] [stdout]    |
[INFO] [stdout]    = note: this error originates in the macro `opcode_match` (in Nightly builds, run with -Z macro-backtrace for more info)
[INFO] [stdout] 
[INFO] [stdout] 
[INFO] [stdout] error[E0425]: cannot find value `BPF_AND` in this scope
[INFO] [stdout]   --> tests/match_test.rs:14:5
[INFO] [stdout]    |
[INFO] [stdout] 14 | /     opcode_match! {
[INFO] [stdout] 15 | |         opcode,
[INFO] [stdout] 16 | |         [[BPF_ALU: ALU, BPF_ALU64: ALU64], [BPF_X: X, BPF_K: K],
[INFO] [stdout] 17 | |         [
[INFO] [stdout] ...  |
[INFO] [stdout] 44 | |         }
[INFO] [stdout] 45 | |     }
[INFO] [stdout]    | |_____^ not found in this scope
[INFO] [stdout]    |
[INFO] [stdout]    = note: this error originates in the macro `opcode_match` (in Nightly builds, run with -Z macro-backtrace for more info)
[INFO] [stdout] 
[INFO] [stdout] 
[INFO] [stdout] error[E0425]: cannot find value `BPF_OR` in this scope
[INFO] [stdout]   --> tests/match_test.rs:14:5
[INFO] [stdout]    |
[INFO] [stdout] 14 | /     opcode_match! {
[INFO] [stdout] 15 | |         opcode,
[INFO] [stdout] 16 | |         [[BPF_ALU: ALU, BPF_ALU64: ALU64], [BPF_X: X, BPF_K: K],
[INFO] [stdout] 17 | |         [
[INFO] [stdout] ...  |
[INFO] [stdout] 44 | |         }
[INFO] [stdout] 45 | |     }
[INFO] [stdout]    | |_____^ not found in this scope
[INFO] [stdout]    |
[INFO] [stdout]    = note: this error originates in the macro `opcode_match` (in Nightly builds, run with -Z macro-backtrace for more info)
[INFO] [stdout] 
[INFO] [stdout] 
[INFO] [stdout] error[E0425]: cannot find value `BPF_XOR` in this scope
[INFO] [stdout]   --> tests/match_test.rs:14:5
[INFO] [stdout]    |
[INFO] [stdout] 14 | /     opcode_match! {
[INFO] [stdout] 15 | |         opcode,
[INFO] [stdout] 16 | |         [[BPF_ALU: ALU, BPF_ALU64: ALU64], [BPF_X: X, BPF_K: K],
[INFO] [stdout] 17 | |         [
[INFO] [stdout] ...  |
[INFO] [stdout] 44 | |         }
[INFO] [stdout] 45 | |     }
[INFO] [stdout]    | |_____^ not found in this scope
[INFO] [stdout]    |
[INFO] [stdout]    = note: this error originates in the macro `opcode_match` (in Nightly builds, run with -Z macro-backtrace for more info)
[INFO] [stdout] 
[INFO] [stdout] 
[INFO] [stdout] error[E0425]: cannot find value `BPF_LSH` in this scope
[INFO] [stdout]   --> tests/match_test.rs:14:5
[INFO] [stdout]    |
[INFO] [stdout] 14 | /     opcode_match! {
[INFO] [stdout] 15 | |         opcode,
[INFO] [stdout] 16 | |         [[BPF_ALU: ALU, BPF_ALU64: ALU64], [BPF_X: X, BPF_K: K],
[INFO] [stdout] 17 | |         [
[INFO] [stdout] ...  |
[INFO] [stdout] 44 | |         }
[INFO] [stdout] 45 | |     }
[INFO] [stdout]    | |_____^ not found in this scope
[INFO] [stdout]    |
[INFO] [stdout]    = note: this error originates in the macro `opcode_match` (in Nightly builds, run with -Z macro-backtrace for more info)
[INFO] [stdout] 
[INFO] [stdout] 
[INFO] [stdout] error[E0425]: cannot find value `BPF_RSH` in this scope
[INFO] [stdout]   --> tests/match_test.rs:14:5
[INFO] [stdout]    |
[INFO] [stdout] 14 | /     opcode_match! {
[INFO] [stdout] 15 | |         opcode,
[INFO] [stdout] 16 | |         [[BPF_ALU: ALU, BPF_ALU64: ALU64], [BPF_X: X, BPF_K: K],
[INFO] [stdout] 17 | |         [
[INFO] [stdout] ...  |
[INFO] [stdout] 44 | |         }
[INFO] [stdout] 45 | |     }
[INFO] [stdout]    | |_____^ not found in this scope
[INFO] [stdout]    |
[INFO] [stdout]    = note: this error originates in the macro `opcode_match` (in Nightly builds, run with -Z macro-backtrace for more info)
[INFO] [stdout] 
[INFO] [stdout] 
[INFO] [stdout] error[E0425]: cannot find value `BPF_K` in this scope
[INFO] [stdout]   --> tests/match_test.rs:14:5
[INFO] [stdout]    |
[INFO] [stdout] 14 | /     opcode_match! {
[INFO] [stdout] 15 | |         opcode,
[INFO] [stdout] 16 | |         [[BPF_ALU: ALU, BPF_ALU64: ALU64], [BPF_X: X, BPF_K: K],
[INFO] [stdout] 17 | |         [
[INFO] [stdout] ...  |
[INFO] [stdout] 44 | |         }
[INFO] [stdout] 45 | |     }
[INFO] [stdout]    | |_____^ not found in this scope
[INFO] [stdout]    |
[INFO] [stdout]    = note: this error originates in the macro `opcode_match` (in Nightly builds, run with -Z macro-backtrace for more info)
[INFO] [stdout] 
[INFO] [stdout] 
[INFO] [stdout] error[E0425]: cannot find value `BPF_ALU64` in this scope
[INFO] [stdout]   --> tests/match_test.rs:14:5
[INFO] [stdout]    |
[INFO] [stdout] 14 | /     opcode_match! {
[INFO] [stdout] 15 | |         opcode,
[INFO] [stdout] 16 | |         [[BPF_ALU: ALU, BPF_ALU64: ALU64], [BPF_X: X, BPF_K: K],
[INFO] [stdout] 17 | |         [
[INFO] [stdout] ...  |
[INFO] [stdout] 44 | |         }
[INFO] [stdout] 45 | |     }
[INFO] [stdout]    | |_____^ not found in this scope
[INFO] [stdout]    |
[INFO] [stdout]    = note: this error originates in the macro `opcode_match` (in Nightly builds, run with -Z macro-backtrace for more info)
[INFO] [stdout] 
[INFO] [stdout] 
[INFO] [stdout] error[E0433]: failed to resolve: use of undeclared crate or module `ebpf_consts`
[INFO] [stdout]   --> tests/match_test.rs:53:25
[INFO] [stdout]    |
[INFO] [stdout] 53 |         opcode as u8 in ebpf_consts,
[INFO] [stdout]    |                         ^^^^^^^^^^^ use of undeclared crate or module `ebpf_consts`
[INFO] [stdout] 
[INFO] [stdout] 
[INFO] [stdout] error[E0433]: failed to resolve: use of undeclared crate or module `ebpf_consts`
[INFO] [stdout]   --> tests/match_test.rs:76:29
[INFO] [stdout]    |
[INFO] [stdout] 76 |             opcode as u8 in ebpf_consts,
[INFO] [stdout]    |                             ^^^^^^^^^^^ use of undeclared crate or module `ebpf_consts`
[INFO] [stdout] 
[INFO] [stdout] 
[INFO] [stdout] error: aborting due to 25 previous errors
[INFO] [stdout] 
[INFO] [stdout] 
[INFO] [stdout] Some errors have detailed explanations: E0425, E0432, E0433.
[INFO] [stdout] 
[INFO] [stdout] For more information about an error, try `rustc --explain E0425`.
[INFO] [stdout] 
[INFO] [stderr] error: could not compile `opcode-macros` (test "match_test") due to 26 previous errors
[INFO] running `Command { std: "docker" "inspect" "81e376de824ebb6ba4dcdac76cd47d5dae8df997115843d69cc54d70005520fd", kill_on_drop: false }`
[INFO] running `Command { std: "docker" "rm" "-f" "81e376de824ebb6ba4dcdac76cd47d5dae8df997115843d69cc54d70005520fd", kill_on_drop: false }`
[INFO] [stdout] 81e376de824ebb6ba4dcdac76cd47d5dae8df997115843d69cc54d70005520fd
